{"id":28553,"date":"2024-03-16T09:52:16","date_gmt":"2024-03-16T07:52:16","guid":{"rendered":"http:\/\/multifarius.ee\/?page_id=28553"},"modified":"2025-08-09T13:08:58","modified_gmt":"2025-08-09T10:08:58","slug":"kinesioloogia-e-kursus","status":"publish","type":"page","link":"https:\/\/multifarius.ee\/eng\/kinesioloogia-e-kursus\/","title":{"rendered":"Kinesiology online course"},"content":{"rendered":"<div data-elementor-type=\"wp-post\" data-elementor-id=\"28553\" class=\"elementor elementor-28553\" data-elementor-post-type=\"page\">\n\t\t\t\t\t\t<section class=\"has_ae_slider elementor-section elementor-top-section elementor-element elementor-element-9c41be7 elementor-section-boxed elementor-section-height-default elementor-section-height-default ae-bg-gallery-type-default\" data-id=\"9c41be7\" data-element_type=\"section\" data-e-type=\"section\">\n\t\t\t\t\t\t<div class=\"elementor-container elementor-column-gap-default\">\n\t\t\t\t\t<div class=\"has_ae_slider elementor-column elementor-col-100 elementor-top-column elementor-element elementor-element-6f937edc ae-bg-gallery-type-default\" data-id=\"6f937edc\" data-element_type=\"column\" data-e-type=\"column\">\n\t\t\t<div class=\"elementor-widget-wrap elementor-element-populated\">\n\t\t\t\t\t\t<div class=\"elementor-element elementor-element-dd507af elementor-widget elementor-widget-spacer\" data-id=\"dd507af\" data-element_type=\"widget\" data-e-type=\"widget\" data-widget_type=\"spacer.default\">\n\t\t\t\t<div class=\"elementor-widget-container\">\n\t\t\t\t\t\t\t<div class=\"elementor-spacer\">\n\t\t\t<div class=\"elementor-spacer-inner\"><\/div>\n\t\t<\/div>\n\t\t\t\t\t\t<\/div>\n\t\t\t\t<\/div>\n\t\t\t\t<div class=\"elementor-element elementor-element-475b9bb7 elementor-widget elementor-widget-text-editor\" data-id=\"475b9bb7\" data-element_type=\"widget\" data-e-type=\"widget\" data-widget_type=\"text-editor.default\">\n\t\t\t\t<div class=\"elementor-widget-container\">\n\t\t\t\t\t\t\t\t\t<p style=\"text-align: justify;\">Kinesiology is defined as the study of movement. This definition may be general, as kinesiology combines anatomy, physiology, physics, and other disciplines. Kinesiology is the scientific study of human movement, aiming to understand how the human body moves and responds to physical activity. As kinesiology combines many different disciplines, it is not a good idea to study kinesiology until you have acquired sufficient basic knowledge. When you have acquired enough basic knowledge of the functioning of the human body and have successfully completed kinesiology, you have made a huge step forward in understanding the functioning of the human body in the context of movements.<\/p><h3 style=\"text-align: justify;\">1. Title of the Curriculum<\/h3><p style=\"text-align: justify;\">Kinesiology\u00a0<\/p><h3 style=\"text-align: justify;\">2. Curriculum Group<\/h3><p style=\"text-align: justify;\">Therapy and rehabilitation<\/p><h3 style=\"text-align: justify;\">3. Learning Outcomes and Objective<\/h3><p style=\"text-align: justify;\"><strong>Objective:\u00a0<\/strong><\/p><p style=\"text-align: justify;\">Anda osalejale \u00fclevaade kinesioloogiast ning selgitada selle kasutusv\u00f5imalusi erinevates teraapiates.\u00a0<\/p><p style=\"text-align: justify;\"><strong>Learning Outcomes:\u00a0<\/strong><\/p><p style=\"text-align: justify;\">Koolituse l\u00e4binu:<\/p><ul style=\"text-align: justify;\"><li style=\"font-weight: 400;\" aria-level=\"1\">(text is being inserted)<\/li><li style=\"font-weight: 400;\" aria-level=\"1\">(text is being inserted)<\/li><li style=\"font-weight: 400;\" aria-level=\"1\">(text is being inserted)<\/li><li style=\"font-weight: 400;\" aria-level=\"1\">(text is being inserted)<\/li><li style=\"font-weight: 400;\" aria-level=\"1\">(text is being inserted)<\/li><\/ul><h3 style=\"text-align: justify;\">4. Conditions for Starting Studies<\/h3><p style=\"box-sizing: inherit; font-size: 16px; font-style: normal; font-weight: 400; color: #353535; text-align: justify;\">Kinesioloogia e-kursusel osalemiseks on kehtestatud \u00fcks eeltingimus: varasemalt peab olema l\u00e4bitud funktsionaalse anatoomia koolitus v\u00f5i \u00f5ppeaine. P\u00f5hjus seisneb selles, et eelnimetatud koolitusel omandatakse teadmised inimkeha skeletilihastest ja p\u00f5hilistest liigutustest. Need teadmised on v\u00e4ga vajalikud selleks, et s\u00fcsteemsemalt m\u00f5ista tehtavaid liigutusi skeletilihaste ja liigeste kontekstis, sest kinesioloogia e-kursusel k\u00e4sitletakse neid teemasid veelgi detailsemalt.<\/p><p style=\"font-size: 16px; font-style: normal; font-weight: 400; text-align: justify;\">Juhul kui Teil on plaan osaleda kinesioloogia e-kursusel, saatke meile p\u00e4rast e-kursusele registreerimist e-kirja teel (koolitused@multifarius.ee) koopia inimese funktsionaalse anatoomia kursuse tunnistusest. Kui olete need kursused l\u00e4binud meie juures, siis tunnistuse koopiat saatma ei pea. Lisaks varasematele \u00f5pingutele arvestame ka t\u00f6\u00f6kogemust; t\u00e4psema info saamiseks v\u00f5tke meiega e-kirja teel \u00fchendust.<\/p><h3 style=\"text-align: justify;\">5. Total Volume and Structure of Study<\/h3><p style=\"font-size: 16px; font-style: normal; font-weight: 400; text-align: justify;\">Kinesioloogia e-kursuse maht on 30 akadeemilist tundi, millest 30 tundi on iseseisev \u00f5pe, sh e-kursuse l\u00e4bimine ja videoloengute vaatamine. <a style=\"font-size: 16px; background-color: #ffffff;\" href=\"https:\/\/www.riigiteataja.ee\/akt\/110062015010?leiaKehtiv#para9\">One academic hour is equal to 45 minutes<span style=\"color: #333333;\">.<\/span><\/a><\/p><p style=\"font-size: 16px; font-style: normal; font-weight: 400; text-align: justify;\">Kinesioloogia e-kursuse struktuuri leiad <a href=\"https:\/\/multifarius.ee\/eng\/course\/kinesioloogia\/\"><span style=\"font-size: 16px;\">here<\/span><\/a>.\u00a0<\/p><h3 style=\"text-align: justify;\">6. Content of Study and Learning Methods<\/h3><div style=\"font-size: 16px; font-style: normal; font-weight: 400; text-align: justify;\"><p style=\"font-size: 16px;\">The Kinesiology e-course includes the following topics:<\/p><\/div><ol style=\"font-size: 16px; font-style: normal; font-weight: 400; text-align: justify;\"><li style=\"font-size: 16px;\">definition of kinesiology;<\/li><li style=\"font-size: 16px;\">delimitation of kinesiology from other fields;<\/li><li>joints and their types;<\/li><li>movements of the human body;<\/li><li>axes and planes;<\/li><li>muscular operating regimes;<\/li><li>skeletal muscle cooperation;<\/li><li style=\"font-size: 16px;\">etc.\u00a0<\/li><\/ol><h3 style=\"text-align: justify;\">7. Description of the Learning Environment<\/h3><p style=\"text-align: justify;\">E-kursus toimub veebip\u00f5hises \u00f5pikeskkonnas. Osalejal on ligip\u00e4\u00e4s e-kursusele \u00f6\u00f6p\u00e4evaringselt. \u00d5ppeks on vajalik kiire interneti\u00fchendus ning seade, mis v\u00f5imaldab vaadata videoid ja esitada iseseisvaid t\u00f6id. Soovitatav on kasutada arvutit, kuid enamasti on v\u00f5imalik kursust l\u00e4bida ka nutiseadmega (n\u00e4iteks telefoniga).<\/p><h3 style=\"font-style: normal; text-align: justify;\">8. Conditions for Issuing Graduation Documents<\/h3><div style=\"font-size: 16px; font-weight: 400; text-align: justify;\"><p style=\"font-size: 16px;\">The Kinesiology online course assesses the achievement of learning outcomes. To achieve the learning objectives, participants are required to take multiple-choice tests and complete various written tasks: answering short questions, describing processes, analyzing movements, etc. A final test and a written assessment are also required. A certificate will be issued on the achievement of the learning objectives. If not all the learning outcomes are achieved, a notice is issued. The notice will be awarded upon completing at least 70% of the online course.\u00a0<\/p><p style=\"text-align: justify;\">Tunnistus v\u00f5i t\u00f5end v\u00e4ljastatakse elektrooniliselt. Juhul kui soovite tunnistust v\u00f5i t\u00f5endit paberkandjal ja postiga saadetuna, on selle tr\u00fckkimine ja saatmine Eestimaa piires 15 eurot; kaugemale saatmine toimub vastavalt kokkuleppele. Tasu tunnistuse v\u00f5i t\u00f5endi tr\u00fckkimiseks ja saatmiseks on kehtestatud lihtsal p\u00f5hjusel: kulu spetsiaalsele paberile, tr\u00fckkimisele, \u00fcmbrikule ja saatmisele ning aeg, mis kogu protsessiks kulub. Soovime hoida p\u00f5hifookust kursuste korraldamisel, mitte kulutada \u00fclem\u00e4\u00e4ra aega formaalsele poolele. Elektrooniliselt tunnistuse v\u00f5i t\u00f5endi v\u00e4ljastamine v\u00f5tab aega umbes 5 minutit, kuid paberkandjal kordades rohkem. Samas m\u00f5istame, et osa \u00f5ppijaid soovib tunnistust v\u00f5i t\u00f5endit paberkandjal, mist\u00f5ttu on see v\u00f5imalus meie poolt tagatud m\u00f5istliku tasu eest.<\/p><h3>9. Koolitaja kvalifikatsiooni, \u00f5pi- v\u00f5i t\u00f6\u00f6kogemuse kirjeldus<\/h3><p style=\"text-align: justify;\">Koolitajal peab olema kursuse l\u00e4biviimist toetav erialane k\u00f5rgharidus, n\u00e4iteks magistrikraad sporditeaduses, ning v\u00e4hemalt 5-aastane kogemus t\u00e4iskasvanute \u00f5petamisel ja e-\u00f5ppe korraldamisel.<\/p><\/div><h3 style=\"font-style: normal; text-align: justify;\">10. Kus saab registreerida kinesioloogia e-kursusele? Kaua saab e-kursust l\u00e4bida?<\/h3><p style=\"font-size: 16px; font-style: normal; font-weight: 400; text-align: justify;\"><span style=\"font-size: 16px;\">You can enroll in the Kinesiology online course <a style=\"font-size: 16px;\" href=\"https:\/\/multifarius.ee\/eng\/course\/kinesioloogia\/\">here<\/a><\/span><span style=\"color: #333333;\">. <\/span><\/p><p style=\"font-size: 16px; font-style: normal; font-weight: 400; text-align: justify;\"><span style=\"color: #333333;\">Kinesiology <span style=\"font-style: normal;\">e-kursust saab registreerimise j\u00e4rgselt l\u00e4bida \u00fcks aasta. E-kursust saab l\u00e4bida endale sobival ajal ja sobivas tempos, sest e-kursus p\u00f5hineb salvestatud videoloengutel.<\/span><\/span><\/p>\t\t\t\t\t\t\t\t<\/div>\n\t\t\t\t<\/div>\n\t\t\t\t\t<\/div>\n\t\t<\/div>\n\t\t\t\t\t<\/div>\n\t\t<\/section>\n\t\t\t\t<\/div>","protected":false},"excerpt":{"rendered":"<p>Kinesiology is defined as the study of movement. This definition may be general, as kinesiology combines anatomy, physiology, physics, and other disciplines. Kinesiology is the scientific study of human movement, aiming to understand how the human body moves and responds to physical activity. As kinesiology combines many different disciplines, it is not a good idea to study kinesiology until you have acquired sufficient basic knowledge. When you have acquired enough basic knowledge of the functioning of the human body and have successfully completed kinesiology, you have made a huge step forward in understanding the functioning of the human body in the context of movements.<\/p>","protected":false},"author":6,"featured_media":0,"parent":0,"menu_order":0,"comment_status":"closed","ping_status":"closed","template":"","meta":{"_monsterinsights_skip_tracking":false,"_monsterinsights_sitenote_active":false,"_monsterinsights_sitenote_note":"","_monsterinsights_sitenote_category":0,"site-sidebar-layout":"right-sidebar","site-content-layout":"plain-container","ast-site-content-layout":"normal-width-container","site-content-style":"unboxed","site-sidebar-style":"unboxed","ast-global-header-display":"","ast-banner-title-visibility":"","ast-main-header-display":"","ast-hfb-above-header-display":"","ast-hfb-below-header-display":"","ast-hfb-mobile-header-display":"","site-post-title":"","ast-breadcrumbs-content":"","ast-featured-img":"","footer-sml-layout":"","ast-disable-related-posts":"","theme-transparent-header-meta":"default","adv-header-id-meta":"","stick-header-meta":"","header-above-stick-meta":"","header-main-stick-meta":"","header-below-stick-meta":"","astra-migrate-meta-layouts":"set","ast-page-background-enabled":"default","ast-page-background-meta":{"desktop":{"background-color":"","background-image":"","background-repeat":"repeat","background-position":"center center","background-size":"auto","background-attachment":"scroll","background-type":"","background-media":"","overlay-type":"","overlay-color":"","overlay-opacity":"","overlay-gradient":""},"tablet":{"background-color":"","background-image":"","background-repeat":"repeat","background-position":"center center","background-size":"auto","background-attachment":"scroll","background-type":"","background-media":"","overlay-type":"","overlay-color":"","overlay-opacity":"","overlay-gradient":""},"mobile":{"background-color":"","background-image":"","background-repeat":"repeat","background-position":"center center","background-size":"auto","background-attachment":"scroll","background-type":"","background-media":"","overlay-type":"","overlay-color":"","overlay-opacity":"","overlay-gradient":""}},"ast-content-background-meta":{"desktop":{"background-color":"var(--ast-global-color-5)","background-image":"","background-repeat":"repeat","background-position":"center center","background-size":"auto","background-attachment":"scroll","background-type":"","background-media":"","overlay-type":"","overlay-color":"","overlay-opacity":"","overlay-gradient":""},"tablet":{"background-color":"var(--ast-global-color-5)","background-image":"","background-repeat":"repeat","background-position":"center center","background-size":"auto","background-attachment":"scroll","background-type":"","background-media":"","overlay-type":"","overlay-color":"","overlay-opacity":"","overlay-gradient":""},"mobile":{"background-color":"var(--ast-global-color-5)","background-image":"","background-repeat":"repeat","background-position":"center center","background-size":"auto","background-attachment":"scroll","background-type":"","background-media":"","overlay-type":"","overlay-color":"","overlay-opacity":"","overlay-gradient":""}},"footnotes":""},"class_list":["post-28553","page","type-page","status-publish","hentry"],"yoast_head":"<!-- This site is optimized with the Yoast SEO Premium plugin v24.4 (Yoast SEO v27.5) - https:\/\/yoast.com\/product\/yoast-seo-premium-wordpress\/ -->\n<title>Kinesioloogia e-kursus - TeadmisteRadar<\/title>\n<meta name=\"robots\" content=\"index, follow, max-snippet:-1, max-image-preview:large, max-video-preview:-1\" \/>\n<link rel=\"canonical\" href=\"https:\/\/multifarius.ee\/eng\/kinesioloogia-e-kursus\/\" \/>\n<meta property=\"og:locale\" content=\"en_US\" \/>\n<meta property=\"og:type\" content=\"article\" \/>\n<meta property=\"og:title\" content=\"Kinesioloogia e-kursus\" \/>\n<meta property=\"og:description\" content=\"Kinesioloogiat defineeritakse kui liikumis\u00f5petust. Taoline m\u00e4\u00e4ratlus v\u00f5ib aga olla natukene \u00fcldine, sest kinesioloogia \u00fchendab anatoomia, f\u00fcsioloogia, f\u00fc\u00fcsika jt valdkondi. Kinesioloogia on inimese liikumise teaduslik uurimine, mille eesm\u00e4rk on m\u00f5ista, kuidas inimkeha liigub ning kehalisele tegevusele reageerib. Kuna kinesioloogia \u00fchendab palju erinevaid valdkondi, pole kinesioloogia e-kursust enne piisavate alusteadmiste omandamist m\u00f5istlik l\u00e4bima hakata. Alles siis, kui inimkeha toimimisest on omandatud piisavalt alusteadmisi ning edukalt on l\u00e4bitud kinesioloogia e-kursus, v\u00f5ib \u00f6elda, et olete teinud \u00fclisuure sammu edasi, et m\u00f5ista inimkeha toimimist eelk\u00f5ige liigutuste konktekstis.\" \/>\n<meta property=\"og:url\" content=\"https:\/\/multifarius.ee\/eng\/kinesioloogia-e-kursus\/\" \/>\n<meta property=\"og:site_name\" content=\"TeadmisteRadar\" \/>\n<meta property=\"article:modified_time\" content=\"2025-08-09T10:08:58+00:00\" \/>\n<meta property=\"og:image\" content=\"http:\/\/multifarius.ee\/wp-content\/uploads\/2024\/02\/Avaslaid-scaled.jpg\" \/>\n\t<meta property=\"og:image:width\" content=\"2560\" \/>\n\t<meta property=\"og:image:height\" content=\"1280\" \/>\n\t<meta property=\"og:image:type\" content=\"image\/webp\" \/>\n<meta name=\"twitter:card\" content=\"summary_large_image\" \/>\n<meta name=\"twitter:label1\" content=\"Est. reading time\" \/>\n\t<meta name=\"twitter:data1\" content=\"3 minutes\" \/>\n<script type=\"application\/ld+json\" class=\"yoast-schema-graph\">{\"@context\":\"https:\\\/\\\/schema.org\",\"@graph\":[{\"@type\":\"WebPage\",\"@id\":\"https:\\\/\\\/multifarius.ee\\\/kinesioloogia-e-kursus\\\/\",\"url\":\"https:\\\/\\\/multifarius.ee\\\/kinesioloogia-e-kursus\\\/\",\"name\":\"Kinesioloogia e-kursus - TeadmisteRadar\",\"isPartOf\":{\"@id\":\"https:\\\/\\\/multifarius.ee\\\/#website\"},\"datePublished\":\"2024-03-16T07:52:16+00:00\",\"dateModified\":\"2025-08-09T10:08:58+00:00\",\"breadcrumb\":{\"@id\":\"https:\\\/\\\/multifarius.ee\\\/kinesioloogia-e-kursus\\\/#breadcrumb\"},\"inLanguage\":\"en-US\",\"potentialAction\":[{\"@type\":\"ReadAction\",\"target\":[\"https:\\\/\\\/multifarius.ee\\\/kinesioloogia-e-kursus\\\/\"]}]},{\"@type\":\"BreadcrumbList\",\"@id\":\"https:\\\/\\\/multifarius.ee\\\/kinesioloogia-e-kursus\\\/#breadcrumb\",\"itemListElement\":[{\"@type\":\"ListItem\",\"position\":1,\"name\":\"Home\",\"item\":\"https:\\\/\\\/multifarius.ee\\\/\"},{\"@type\":\"ListItem\",\"position\":2,\"name\":\"Kinesioloogia e-kursus\"}]},{\"@type\":\"WebSite\",\"@id\":\"https:\\\/\\\/multifarius.ee\\\/#website\",\"url\":\"https:\\\/\\\/multifarius.ee\\\/\",\"name\":\"TeadmisteRadar\",\"description\":\"Koolitused ja e-kursused\",\"publisher\":{\"@id\":\"https:\\\/\\\/multifarius.ee\\\/#organization\"},\"potentialAction\":[{\"@type\":\"SearchAction\",\"target\":{\"@type\":\"EntryPoint\",\"urlTemplate\":\"https:\\\/\\\/multifarius.ee\\\/?s={search_term_string}\"},\"query-input\":{\"@type\":\"PropertyValueSpecification\",\"valueRequired\":true,\"valueName\":\"search_term_string\"}}],\"inLanguage\":\"en-US\"},{\"@type\":\"Organization\",\"@id\":\"https:\\\/\\\/multifarius.ee\\\/#organization\",\"name\":\"TeadmisteRadar\",\"url\":\"https:\\\/\\\/multifarius.ee\\\/\",\"logo\":{\"@type\":\"ImageObject\",\"inLanguage\":\"en-US\",\"@id\":\"https:\\\/\\\/multifarius.ee\\\/#\\\/schema\\\/logo\\\/image\\\/\",\"url\":\"https:\\\/\\\/multifarius.ee\\\/wp-content\\\/uploads\\\/2022\\\/09\\\/tr-logo-uus3.png\",\"contentUrl\":\"https:\\\/\\\/multifarius.ee\\\/wp-content\\\/uploads\\\/2022\\\/09\\\/tr-logo-uus3.png\",\"width\":650,\"height\":143,\"caption\":\"TeadmisteRadar\"},\"image\":{\"@id\":\"https:\\\/\\\/multifarius.ee\\\/#\\\/schema\\\/logo\\\/image\\\/\"}}]}<\/script>\n<!-- \/ Yoast SEO Premium plugin. -->","yoast_head_json":{"title":"Kinesioloogia e-kursus - TeadmisteRadar","robots":{"index":"index","follow":"follow","max-snippet":"max-snippet:-1","max-image-preview":"max-image-preview:large","max-video-preview":"max-video-preview:-1"},"canonical":"https:\/\/multifarius.ee\/eng\/kinesioloogia-e-kursus\/","og_locale":"en_US","og_type":"article","og_title":"Kinesioloogia e-kursus","og_description":"Kinesioloogiat defineeritakse kui liikumis\u00f5petust. Taoline m\u00e4\u00e4ratlus v\u00f5ib aga olla natukene \u00fcldine, sest kinesioloogia \u00fchendab anatoomia, f\u00fcsioloogia, f\u00fc\u00fcsika jt valdkondi. Kinesioloogia on inimese liikumise teaduslik uurimine, mille eesm\u00e4rk on m\u00f5ista, kuidas inimkeha liigub ning kehalisele tegevusele reageerib. Kuna kinesioloogia \u00fchendab palju erinevaid valdkondi, pole kinesioloogia e-kursust enne piisavate alusteadmiste omandamist m\u00f5istlik l\u00e4bima hakata. Alles siis, kui inimkeha toimimisest on omandatud piisavalt alusteadmisi ning edukalt on l\u00e4bitud kinesioloogia e-kursus, v\u00f5ib \u00f6elda, et olete teinud \u00fclisuure sammu edasi, et m\u00f5ista inimkeha toimimist eelk\u00f5ige liigutuste konktekstis.","og_url":"https:\/\/multifarius.ee\/eng\/kinesioloogia-e-kursus\/","og_site_name":"TeadmisteRadar","article_modified_time":"2025-08-09T10:08:58+00:00","og_image":[{"width":2560,"height":1280,"url":"http:\/\/multifarius.ee\/wp-content\/uploads\/2024\/02\/Avaslaid-scaled.jpg","type":"image\/webp"}],"twitter_card":"summary_large_image","twitter_misc":{"Est. reading time":"3 minutes"},"schema":{"@context":"https:\/\/schema.org","@graph":[{"@type":"WebPage","@id":"https:\/\/multifarius.ee\/kinesioloogia-e-kursus\/","url":"https:\/\/multifarius.ee\/kinesioloogia-e-kursus\/","name":"Kinesioloogia e-kursus - TeadmisteRadar","isPartOf":{"@id":"https:\/\/multifarius.ee\/#website"},"datePublished":"2024-03-16T07:52:16+00:00","dateModified":"2025-08-09T10:08:58+00:00","breadcrumb":{"@id":"https:\/\/multifarius.ee\/kinesioloogia-e-kursus\/#breadcrumb"},"inLanguage":"en-US","potentialAction":[{"@type":"ReadAction","target":["https:\/\/multifarius.ee\/kinesioloogia-e-kursus\/"]}]},{"@type":"BreadcrumbList","@id":"https:\/\/multifarius.ee\/kinesioloogia-e-kursus\/#breadcrumb","itemListElement":[{"@type":"ListItem","position":1,"name":"Home","item":"https:\/\/multifarius.ee\/"},{"@type":"ListItem","position":2,"name":"Kinesioloogia e-kursus"}]},{"@type":"WebSite","@id":"https:\/\/multifarius.ee\/#website","url":"https:\/\/multifarius.ee\/","name":"TeadmisteRadar","description":"Koolitused ja e-kursused","publisher":{"@id":"https:\/\/multifarius.ee\/#organization"},"potentialAction":[{"@type":"SearchAction","target":{"@type":"EntryPoint","urlTemplate":"https:\/\/multifarius.ee\/?s={search_term_string}"},"query-input":{"@type":"PropertyValueSpecification","valueRequired":true,"valueName":"search_term_string"}}],"inLanguage":"en-US"},{"@type":"Organization","@id":"https:\/\/multifarius.ee\/#organization","name":"TeadmisteRadar","url":"https:\/\/multifarius.ee\/","logo":{"@type":"ImageObject","inLanguage":"en-US","@id":"https:\/\/multifarius.ee\/#\/schema\/logo\/image\/","url":"https:\/\/multifarius.ee\/wp-content\/uploads\/2022\/09\/tr-logo-uus3.png","contentUrl":"https:\/\/multifarius.ee\/wp-content\/uploads\/2022\/09\/tr-logo-uus3.png","width":650,"height":143,"caption":"TeadmisteRadar"},"image":{"@id":"https:\/\/multifarius.ee\/#\/schema\/logo\/image\/"}}]}},"_links":{"self":[{"href":"https:\/\/multifarius.ee\/eng\/wp-json\/wp\/v2\/pages\/28553","targetHints":{"allow":["GET"]}}],"collection":[{"href":"https:\/\/multifarius.ee\/eng\/wp-json\/wp\/v2\/pages"}],"about":[{"href":"https:\/\/multifarius.ee\/eng\/wp-json\/wp\/v2\/types\/page"}],"author":[{"embeddable":true,"href":"https:\/\/multifarius.ee\/eng\/wp-json\/wp\/v2\/users\/6"}],"replies":[{"embeddable":true,"href":"https:\/\/multifarius.ee\/eng\/wp-json\/wp\/v2\/comments?post=28553"}],"version-history":[{"count":5,"href":"https:\/\/multifarius.ee\/eng\/wp-json\/wp\/v2\/pages\/28553\/revisions"}],"predecessor-version":[{"id":36711,"href":"https:\/\/multifarius.ee\/eng\/wp-json\/wp\/v2\/pages\/28553\/revisions\/36711"}],"wp:attachment":[{"href":"https:\/\/multifarius.ee\/eng\/wp-json\/wp\/v2\/media?parent=28553"}],"curies":[{"name":"wp","href":"https:\/\/api.w.org\/{rel}","templated":true}]}}